{"id":26,"date":"2024-01-24T13:51:46","date_gmt":"2024-01-24T12:51:46","guid":{"rendered":"https:\/\/guinguettesyvette.org\/mesmerize\/"},"modified":"2026-05-07T18:12:56","modified_gmt":"2026-05-07T16:12:56","slug":"mesmerize","status":"publish","type":"page","link":"https:\/\/guinguettesyvette.org\/","title":{"rendered":"Accueil"},"content":{"rendered":"<h2  id=\"wp-block-themeisle-blocks-advanced-heading-1a49d321\" class=\"wp-block-themeisle-blocks-advanced-heading wp-block-themeisle-blocks-advanced-heading-1a49d321\" style=\"text-align: center;\"><strong >Qui sommes-nous ?<\/strong><\/h2><p  class=\"has-text-align-left\"><strong >Les Guinguettes de l\u2019Yvette <\/strong>est un<strong > festival des arts de la rue<\/strong> <strong >gratuit et convivial, <\/strong>qui se d\u00e9roule chaque ann\u00e9e le <strong >premier week-end de juin<\/strong> le long de la rivi\u00e8re Yvette, entre <strong >Palaiseau <\/strong>et<strong > Villebon-sur-Yvette en Essonne.<\/strong><\/p><p  class=\"has-text-align-left\">Port\u00e9 par<strong > l\u2019association Les Guinguettes de l\u2019Yvette <\/strong>avec les<strong > MJC Boby Lapointe <\/strong>et <strong >Th\u00e9\u00e2tre des 3 Vall\u00e9es, <\/strong>ainsi que de nombreux\u00b7ses b\u00e9n\u00e9voles, le festival propose <strong >un week-end festif et interg\u00e9n\u00e9rationnel<\/strong> m\u00ealant <strong >spectacles vivants, musique, cirque, th\u00e9\u00e2tre, danse et animations en plein air, <\/strong>dans une ambiance familiale et artistique.<\/p><p  class=\"has-text-align-left\">Chaque ann\u00e9e, <strong >plus de 20 spectacles et animations<\/strong> invitent le public \u00e0 d\u00e9couvrir des cr\u00e9ations vari\u00e9es, \u00e0 partager des moments de joie et de rencontre, et \u00e0 c\u00e9l\u00e9brer la culture accessible \u00e0 toutes et tous.<\/p><div  class=\"wp-block-columns is-layout-flex wp-container-core-columns-is-layout-9d6595d7 wp-block-columns-is-layout-flex\">\n<div  class=\"wp-block-column is-layout-flow wp-block-column-is-layout-flow\" style=\"flex-basis: 25%;\"><\/div>\n<\/div><div  class=\"wp-block-columns is-layout-flex wp-container-core-columns-is-layout-9d6595d7 wp-block-columns-is-layout-flex\">\n<div  class=\"wp-block-column is-layout-flow wp-block-column-is-layout-flow\" style=\"flex-basis: 25%;\"><\/div>\n<\/div><h2  class=\"wp-block-heading has-text-align-center\"><\/h2><div  id=\"clients-1\" class=\"clients-4 content-section content-section-spacing-small\" style=\"background-color: #f5fafd;\" data-label=\"Clients\" data-id=\"clients--1\" data-export-id=\"clients-4\" data-category=\"clients\">\n<div  class=\"gridContainer\">\n<div  class=\"row spaced-cols middle-xs center-xs space-bottom padding-lr\" data-type=\"row\">\n<div  class=\"\">\n<h3  class=\"wp-block-heading has-text-align-center\"><span  style=\"font-size: revert; font-weight: revert; background-color: #f5fafd;\">Nos partenaires<\/span><\/h3>\n<\/div>\n<div  class=\"col-xs-6 col-sm-2 col-md-1\"><img decoding=\"async\"  class=\"custom-image\" title=\"logo_villebon_2020TOUT-TRASNPARENT\" src=\"https:\/\/guinguettesyvette.org\/wp-content\/uploads\/2024\/04\/logo_villebon_2020TOUT-TRASNPARENT.png\" alt=\"\"><\/div>\n<div  class=\"col-xs-6 col-sm-2 col-md-1\"><img decoding=\"async\"  class=\"custom-image\" title=\"cropped-LogoMJCPalaiseau-removebg-preview.png\" src=\"https:\/\/guinguettesyvette.org\/wp-content\/uploads\/2025\/04\/cropped-LogoMJCPalaiseau-removebg-preview.png\" alt=\"\"><\/div>\n<div  class=\"col-xs-6 col-sm-2 col-md-1\"><img decoding=\"async\"  class=\"custom-image\" title=\"cropped-cropped-LOGO_RIDF_2019_COULEUR-removebg-preview.png\" src=\"https:\/\/guinguettesyvette.org\/wp-content\/uploads\/2025\/04\/cropped-cropped-LOGO_RIDF_2019_COULEUR-removebg-preview.png\" alt=\"\"><\/div>\n<div  class=\"col-xs-6 col-sm-2 col-md-1\"><img decoding=\"async\"  class=\"custom-image\" title=\"cropped-LogoVillebon-removebg-preview.png\" src=\"https:\/\/guinguettesyvette.org\/wp-content\/uploads\/2025\/04\/cropped-LogoVillebon-removebg-preview.png\" alt=\"\"><\/div>\n<div  class=\"col-xs-6 col-sm-2 col-md-1\"><img decoding=\"async\"  class=\"custom-image\" title=\"cropped-Ville_de_Palaiseau-removebg-preview.png\" src=\"https:\/\/guinguettesyvette.org\/wp-content\/uploads\/2025\/04\/cropped-Ville_de_Palaiseau-removebg-preview.png\" alt=\"\"><\/div>\n<div  class=\"col-xs-6 col-sm-2 col-md-1\"><img decoding=\"async\"  class=\"\" title=\"RUE \u00eele de france\" src=\"https:\/\/guinguettesyvette.org\/wp-content\/uploads\/2024\/04\/RUE-ile-de-france.png\" alt=\"\"><\/div>\n<div  class=\"col-xs-6 col-sm-2 col-md-1\"><img decoding=\"async\"  class=\"\" title=\"logo-siahvy-complet\" src=\"https:\/\/guinguettesyvette.org\/wp-content\/uploads\/2024\/04\/logo-siahvy-complet.png\" alt=\"\"><\/div>\n<div  class=\"col-xs-6 col-sm-2 col-md-1\"><img decoding=\"async\"  class=\"custom-image\" title=\"RIF\" src=\"https:\/\/guinguettesyvette.org\/wp-content\/uploads\/2024\/04\/RIF.png\" alt=\"\"><\/div>\n<div  class=\"col-xs-6 col-sm-2 col-md-1\"><img decoding=\"async\"  class=\"custom-image\" title=\"cropped-cropped-Logo_OX.png\" src=\"https:\/\/guinguettesyvette.org\/wp-content\/uploads\/2025\/05\/cropped-cropped-Logo_OX.png\" alt=\"\"><\/div>\n<div  class=\"\" style=\"text-align: center;\">L\u2019abus d\u2019alcool est dangereux pour la sant\u00e9<\/div>\n<\/div>\n<\/div>\n<\/div>","protected":false},"excerpt":{"rendered":"<p>Qui sommes-nous ?Les Guinguettes de l\u2019Yvette est un festival des arts de la rue gratuit et convivial, qui se d\u00e9roule chaque ann\u00e9e le premier week-end de juin le long de la rivi\u00e8re Yvette, entre Palaiseau et Villebon-sur-Yvette en Essonne.Port\u00e9 par l\u2019association Les Guinguettes de l\u2019Yvette avec les MJC Boby Lapointe et Th\u00e9\u00e2tre des 3 Vall\u00e9es,&hellip; <br \/> <a class=\"read-more\" href=\"https:\/\/guinguettesyvette.org\/\">Lire la suite<\/a><\/p>\n","protected":false},"author":1,"featured_media":312,"parent":0,"menu_order":0,"comment_status":"closed","ping_status":"closed","template":"page-templates\/homepage.php","meta":{"_themeisle_gutenberg_block_has_review":false,"footnotes":""},"class_list":["post-26","page","type-page","status-publish","has-post-thumbnail","hentry"],"_links":{"self":[{"href":"https:\/\/guinguettesyvette.org\/index.php?rest_route=\/wp\/v2\/pages\/26","targetHints":{"allow":["GET"]}}],"collection":[{"href":"https:\/\/guinguettesyvette.org\/index.php?rest_route=\/wp\/v2\/pages"}],"about":[{"href":"https:\/\/guinguettesyvette.org\/index.php?rest_route=\/wp\/v2\/types\/page"}],"author":[{"embeddable":true,"href":"https:\/\/guinguettesyvette.org\/index.php?rest_route=\/wp\/v2\/users\/1"}],"replies":[{"embeddable":true,"href":"https:\/\/guinguettesyvette.org\/index.php?rest_route=%2Fwp%2Fv2%2Fcomments&post=26"}],"version-history":[{"count":178,"href":"https:\/\/guinguettesyvette.org\/index.php?rest_route=\/wp\/v2\/pages\/26\/revisions"}],"predecessor-version":[{"id":2173,"href":"https:\/\/guinguettesyvette.org\/index.php?rest_route=\/wp\/v2\/pages\/26\/revisions\/2173"}],"wp:featuredmedia":[{"embeddable":true,"href":"https:\/\/guinguettesyvette.org\/index.php?rest_route=\/wp\/v2\/media\/312"}],"wp:attachment":[{"href":"https:\/\/guinguettesyvette.org\/index.php?rest_route=%2Fwp%2Fv2%2Fmedia&parent=26"}],"curies":[{"name":"wp","href":"https:\/\/api.w.org\/{rel}","templated":true}]}}