{"id":1082,"date":"2024-06-06T14:54:27","date_gmt":"2024-06-06T12:54:27","guid":{"rendered":"https:\/\/guinguettesyvette.org\/?page_id=1082"},"modified":"2026-04-30T16:04:03","modified_gmt":"2026-04-30T14:04:03","slug":"benevoles-2025","status":"publish","type":"page","link":"https:\/\/guinguettesyvette.org\/?page_id=1082","title":{"rendered":"Devenir b\u00e9n\u00e9vole"},"content":{"rendered":"<div class=\"wp-block-image\">\n<figure class=\"aligncenter size-large is-resized\"><img loading=\"lazy\" decoding=\"async\" width=\"1024\" height=\"684\" src=\"https:\/\/guinguettesyvette.org\/wp-content\/uploads\/2024\/04\/Guinguettes-2019-025-Serge-Guichard-1024x684.jpg\" alt=\"\" class=\"wp-image-739\" style=\"aspect-ratio:1.7777777777777777;object-fit:cover;width:713px;height:auto\" srcset=\"https:\/\/guinguettesyvette.org\/wp-content\/uploads\/2024\/04\/Guinguettes-2019-025-Serge-Guichard-1024x684.jpg 1024w, https:\/\/guinguettesyvette.org\/wp-content\/uploads\/2024\/04\/Guinguettes-2019-025-Serge-Guichard-300x200.jpg 300w, https:\/\/guinguettesyvette.org\/wp-content\/uploads\/2024\/04\/Guinguettes-2019-025-Serge-Guichard-768x513.jpg 768w, https:\/\/guinguettesyvette.org\/wp-content\/uploads\/2024\/04\/Guinguettes-2019-025-Serge-Guichard-1536x1025.jpg 1536w, https:\/\/guinguettesyvette.org\/wp-content\/uploads\/2024\/04\/Guinguettes-2019-025-Serge-Guichard-2048x1367.jpg 2048w, https:\/\/guinguettesyvette.org\/wp-content\/uploads\/2024\/04\/Guinguettes-2019-025-Serge-Guichard-1618x1080.jpg 1618w\" sizes=\"auto, (max-width: 1024px) 100vw, 1024px\" \/><\/figure><\/div>\n\n\n<div style=\"height:40px\" aria-hidden=\"true\" class=\"wp-block-spacer\"><\/div>\n\n\n<p><span style=\"color: #3d3b3b;\">Vous souhaitez \u00eatre b\u00e9n\u00e9vole pour l&rsquo;\u00e9dition des Guinguettes de l&rsquo;Yvette 2025 et rejoindre notre merveilleuse \u00e9quipe afin de mettre en place le festival ?<\/span><\/p>\n<p><span style=\"color: #3d3b3b;\">Vous \u00eates au bon endroit ! On recherche et vous recherchez aussi ! De quoi faire une dynamique d&rsquo;enfer !<\/span><\/p>\n<p><strong><span style=\"color: #3d3b3b;\">Comment s&rsquo;inscrire ?<\/span><\/strong><\/p>\n<p><span style=\"color: #3d3b3b;\">Vous n&rsquo;avez qu&rsquo;\u00e0 remplir le formulaire ci-joint par vos coordonn\u00e9es ! N&rsquo;oubliez pas de choisir dans quelle \u00e9quipe vous souhaiteriez participer lors du festival ! <\/span><\/p>\n<p><span style=\"color: #3d3b3b;\">Si vous avez un soucis ou des questions, n&rsquo;h\u00e9sitez pas nous contacter <\/span><span style=\"color: #800000;\"><a style=\"color: #800000;\" href=\"https:\/\/guinguettesyvette.org\/?p=419\">ici<\/a><\/span> <span style=\"color: #3d3b3b;\">!<\/span><\/p>\n\n<div class=\"frm_forms  with_frm_style frm_style_style-formidable\" id=\"frm_form_4_container\" data-token=\"c4463bce9c576ce49332d62ade02af8f\">\n<form enctype=\"multipart\/form-data\" method=\"post\" class=\"frm-show-form \" id=\"form_formulaire-benevoles2\" data-token=\"c4463bce9c576ce49332d62ade02af8f\">\n<div class=\"frm_form_fields \">\n<fieldset>\n<legend class=\"frm_screen_reader\">B\u00e9n\u00e9voles 2025<\/legend>\r\n\r\n<div class=\"frm_fields_container\">\n<input type=\"hidden\" name=\"frm_action\" value=\"create\" \/>\n<input type=\"hidden\" name=\"form_id\" value=\"4\" \/>\n<input type=\"hidden\" name=\"frm_hide_fields_4\" id=\"frm_hide_fields_4\" value=\"\" \/>\n<input type=\"hidden\" name=\"form_key\" value=\"formulaire-benevoles2\" \/>\n<input type=\"hidden\" name=\"item_meta[0]\" value=\"\" \/>\n<input type=\"hidden\" id=\"frm_submit_entry_4\" name=\"frm_submit_entry_4\" value=\"3f811aa63e\" \/><input type=\"hidden\" name=\"_wp_http_referer\" value=\"\/index.php?rest_route=%2Fwp%2Fv2%2Fpages%2F1082\" \/><div id=\"frm_field_28_container\" class=\"frm_form_field form-field  frm_required_field frm_top_container frm6 frm_first\">\r\n    <label for=\"field_iktrc2\" id=\"field_iktrc2_label\" class=\"frm_primary_label\">Nom\r\n        <span class=\"frm_required\" aria-hidden=\"true\">*<\/span>\r\n    <\/label>\r\n    <input type=\"text\" id=\"field_iktrc2\" name=\"item_meta[28]\" value=\"\"  placeholder=\"Nom\" data-reqmsg=\"Nom cannot be blank.\" aria-required=\"true\" data-invmsg=\"Nom est non valide\" aria-invalid=\"false\"   aria-describedby=\"frm_desc_field_iktrc2\"\/>\r\n    <div class=\"frm_description\" id=\"frm_desc_field_iktrc2\">exemple : Dupont<\/div>\r\n    \r\n<\/div>\n<div id=\"frm_field_29_container\" class=\"frm_form_field form-field  frm_required_field frm_top_container frm6\">\r\n    <label for=\"field_3c4yq2\" id=\"field_3c4yq2_label\" class=\"frm_primary_label\">Pr\u00e9nom\r\n        <span class=\"frm_required\" aria-hidden=\"true\">*<\/span>\r\n    <\/label>\r\n    <input type=\"text\" id=\"field_3c4yq2\" name=\"item_meta[29]\" value=\"\"  placeholder=\"Pr\u00e9nom\" data-reqmsg=\"Pr\u00e9nom cannot be blank.\" aria-required=\"true\" data-invmsg=\"Pr\u00e9nom est non valide\" aria-invalid=\"false\"   aria-describedby=\"frm_desc_field_3c4yq2\"\/>\r\n    <div class=\"frm_description\" id=\"frm_desc_field_3c4yq2\">exemple : Alice<\/div>\r\n    \r\n<\/div>\n<div id=\"frm_field_30_container\" class=\"frm_form_field form-field  frm_required_field frm_top_container\">\r\n    <label for=\"field_o2tzz2\" id=\"field_o2tzz2_label\" class=\"frm_primary_label\">T\u00e9l\u00e9phone\r\n        <span class=\"frm_required\" aria-hidden=\"true\">*<\/span>\r\n    <\/label>\r\n    <input type=\"tel\" id=\"field_o2tzz2\" name=\"item_meta[30]\" value=\"\"  data-reqmsg=\"T\u00e9l\u00e9phone cannot be blank.\" aria-required=\"true\" data-invmsg=\"T\u00e9l\u00e9phone est non valide\" aria-invalid=\"false\" pattern=\"((\\+\\d{1,3}(-|.| )?\\(?\\d\\)?(-| |.)?\\d{1,5})|(\\(?\\d{2,6}\\)?))(-|.| )?(\\d{3,4})(-|.| )?(\\d{4})(( x| ext)\\d{1,5}){0,1}$\"   aria-describedby=\"frm_desc_field_o2tzz2\"\/>\r\n    <div class=\"frm_description\" id=\"frm_desc_field_o2tzz2\">exemple : 07 77 77 77 77<\/div>\r\n    \r\n<\/div>\n<div id=\"frm_field_31_container\" class=\"frm_form_field form-field  frm_required_field frm_top_container\">\r\n    <label for=\"field_ehnnm2\" id=\"field_ehnnm2_label\" class=\"frm_primary_label\">Email\r\n        <span class=\"frm_required\" aria-hidden=\"true\">*<\/span>\r\n    <\/label>\r\n    <input type=\"email\" id=\"field_ehnnm2\" name=\"item_meta[31]\" value=\"\"  data-reqmsg=\"Email cannot be blank.\" aria-required=\"true\" data-invmsg=\"Email est non valide\" aria-invalid=\"false\"  \/>\r\n    \r\n    \r\n<\/div>\n<div id=\"frm_field_41_container\" class=\"frm_form_field form-field  frm_top_container\">\n\t<label for=\"field_1rryf\" id=\"field_1rryf_label\" class=\"frm_primary_label\">Description des missions\n\t\t<span class=\"frm_required\" aria-hidden=\"true\"><\/span>\n\t<\/label>\n\t<textarea name=\"item_meta[41]\" id=\"field_1rryf\" rows=\"5\"  placeholder=\"- Communication physique : distribution des flyers et collage des affiches.\r\n- Photographie\/ Vid\u00e9o : couvrir le festival, prendre des photos et vid\u00e9os tout au long du week-end.\r\n- Accueil artiste : s&#039;occuper des compagnies de leur arriv\u00e9e \u00e0 leur d\u00e9part (samedi et\/ou dimanche) b\u00e9n\u00e9voles d\u00e9di\u00e9s.\r\n- Service\/ Bar : chez Boby - ambiance brasserie, service; chez Yvette - boissons, bar.\r\n- Runners: permis B obligatoire (v\u00e9hicules \u00e0 disposition), pr\u00eat \u00e0 faire des d\u00e9placement express lors du festival\" data-invmsg=\"Description des missions est non valide\" aria-invalid=\"false\"  ><\/textarea>\n\t\n\t\n<\/div>\n<div id=\"frm_field_33_container\" class=\"frm_form_field form-field  frm_required_field frm_top_container frm6 frm_first vertical_radio\">\r\n    <div  id=\"field_fs3w82_label\" class=\"frm_primary_label\">Les diff\u00e9rentes \u00e9quipes\r\n        <span class=\"frm_required\" aria-hidden=\"true\">*<\/span>\r\n    <\/div>\r\n    <div class=\"frm_opt_container\" aria-labelledby=\"field_fs3w82_label\" role=\"group\">\t\t<div class=\"frm_checkbox\" id=\"frm_checkbox_33-5\">\t\t\t<label  for=\"field_fs3w82-5\">\n\t\t\t<input type=\"checkbox\" name=\"item_meta[33][]\" id=\"field_fs3w82-5\" value=\"Communication physique\"  data-reqmsg=\"Les diff\u00e9rentes \u00e9quipes cannot be blank.\" data-invmsg=\"Les diff\u00e9rentes \u00e9quipes est non valide\"   aria-required=\"true\"  \/> Communication physique<\/label><\/div>\n\t\t<div class=\"frm_checkbox\" id=\"frm_checkbox_33-0\">\t\t\t<label  for=\"field_fs3w82-0\">\n\t\t\t<input type=\"checkbox\" name=\"item_meta[33][]\" id=\"field_fs3w82-0\" value=\"Photographie\/ Vid\u00e9o\"  data-reqmsg=\"Les diff\u00e9rentes \u00e9quipes cannot be blank.\" data-invmsg=\"Les diff\u00e9rentes \u00e9quipes est non valide\"   \/> Photographie\/ Vid\u00e9o<\/label><\/div>\n\t\t<div class=\"frm_checkbox\" id=\"frm_checkbox_33-1\">\t\t\t<label  for=\"field_fs3w82-1\">\n\t\t\t<input type=\"checkbox\" name=\"item_meta[33][]\" id=\"field_fs3w82-1\" value=\"Accueil artistes\"  data-reqmsg=\"Les diff\u00e9rentes \u00e9quipes cannot be blank.\" data-invmsg=\"Les diff\u00e9rentes \u00e9quipes est non valide\"   \/> Accueil artistes<\/label><\/div>\n\t\t<div class=\"frm_checkbox\" id=\"frm_checkbox_33-4\">\t\t\t<label  for=\"field_fs3w82-4\">\n\t\t\t<input type=\"checkbox\" name=\"item_meta[33][]\" id=\"field_fs3w82-4\" value=\"Service\/ Bar\"  data-reqmsg=\"Les diff\u00e9rentes \u00e9quipes cannot be blank.\" data-invmsg=\"Les diff\u00e9rentes \u00e9quipes est non valide\"   \/> Service\/ Bar<\/label><\/div>\n\t\t<div class=\"frm_checkbox\" id=\"frm_checkbox_33-6\">\t\t\t<label  for=\"field_fs3w82-6\">\n\t\t\t<input type=\"checkbox\" name=\"item_meta[33][]\" id=\"field_fs3w82-6\" value=\"Runners\"  data-reqmsg=\"Les diff\u00e9rentes \u00e9quipes cannot be blank.\" data-invmsg=\"Les diff\u00e9rentes \u00e9quipes est non valide\"   \/> Runners<\/label><\/div>\n<\/div>\r\n    \r\n    \r\n<\/div>\n<div id=\"frm_field_44_container\" class=\"frm_form_field form-field  frm_top_container frm6 vertical_radio\">\n\t<div  id=\"field_yafwv_label\" class=\"frm_primary_label\">Logistique\n\t\t<span class=\"frm_required\" aria-hidden=\"true\"><\/span>\n\t<\/div>\n\t<div class=\"frm_opt_container\" aria-labelledby=\"field_yafwv_label\" role=\"group\">\t\t<div class=\"frm_checkbox\" id=\"frm_checkbox_44-0\">\t\t\t<label  for=\"field_yafwv-0\">\n\t\t\t<input type=\"checkbox\" name=\"item_meta[44][]\" id=\"field_yafwv-0\" value=\"Dimanche 1er Juin : montage du chapiteau\"  data-invmsg=\"Logistique est non valide\"   \/> Dimanche 1er Juin : montage du chapiteau<\/label><\/div>\n\t\t<div class=\"frm_checkbox\" id=\"frm_checkbox_44-1\">\t\t\t<label  for=\"field_yafwv-1\">\n\t\t\t<input type=\"checkbox\" name=\"item_meta[44][]\" id=\"field_yafwv-1\" value=\"Vendredi 6 Juin : mise en place du site\"  data-invmsg=\"Logistique est non valide\"   \/> Vendredi 6 Juin : mise en place du site<\/label><\/div>\n\t\t<div class=\"frm_checkbox\" id=\"frm_checkbox_44-2\">\t\t\t<label  for=\"field_yafwv-2\">\n\t\t\t<input type=\"checkbox\" name=\"item_meta[44][]\" id=\"field_yafwv-2\" value=\"Samedi 7 Juin au soir : encadrement des petits bateaux, s\u00e9curisation du public, mise \u00e0 l&#039;eau et r\u00e9cup\u00e9ration\"  data-invmsg=\"Logistique est non valide\"   \/> Samedi 7 Juin au soir : encadrement des petits bateaux, s\u00e9curisation du public, mise \u00e0 l&rsquo;eau et r\u00e9cup\u00e9ration<\/label><\/div>\n\t\t<div class=\"frm_checkbox\" id=\"frm_checkbox_44-3\">\t\t\t<label  for=\"field_yafwv-3\">\n\t\t\t<input type=\"checkbox\" name=\"item_meta[44][]\" id=\"field_yafwv-3\" value=\"Dimanche 8 Juin d\u00e8s 18h : d\u00e9montage\"  data-invmsg=\"Logistique est non valide\"   \/> Dimanche 8 Juin d\u00e8s 18h : d\u00e9montage<\/label><\/div>\n\t\t<div class=\"frm_checkbox\" id=\"frm_checkbox_44-4\">\t\t\t<label  for=\"field_yafwv-4\">\n\t\t\t<input type=\"checkbox\" name=\"item_meta[44][]\" id=\"field_yafwv-4\" value=\"Lundi 9 Juin : d\u00e9montage\"  data-invmsg=\"Logistique est non valide\"   \/> Lundi 9 Juin : d\u00e9montage<\/label><\/div>\n<\/div>\n\t\n\t\n<\/div>\n<div id=\"frm_field_34_container\" class=\"frm_form_field form-field  frm_top_container frm12 frm_first\">\r\n    <label for=\"field_borhe2\" id=\"field_borhe2_label\" class=\"frm_primary_label\">Information compl\u00e9mentaire\/ si probl\u00e8me avec le formulaire veuillez renseigner vos souhaits ici.\r\n        <span class=\"frm_required\" aria-hidden=\"true\"><\/span>\r\n    <\/label>\r\n    <textarea name=\"item_meta[34]\" id=\"field_borhe2\" rows=\"5\"  placeholder=\"Vous pouvez pr\u00e9ciser vos disponibilit\u00e9s ou nous dire quelques points sur vous.\" data-invmsg=\"Information compl\u00e9mentaire\/ si probl\u00e8me avec le formulaire veuillez renseigner vos souhaits ici. est non valide\" aria-invalid=\"false\"  ><\/textarea>\r\n    \r\n    \r\n<\/div>\n<div id=\"frm_field_35_container\" class=\"frm_form_field form-field \">\n\t<div class=\"frm_submit frm_flex\">\r\n<button class=\"frm_button_submit\" type=\"submit\"  >Envoyer<\/button>\r\n\r\n\r\n\r\n<\/div>\n<\/div>\n\t<input type=\"hidden\" name=\"item_key\" value=\"\" \/>\n\t\t\t<div id=\"frm_field_46_container\">\n\t\t\t<label for=\"field_eg2j7\" >\n\t\t\t\tSi vous \u00eates un humain, ne remplissez pas ce champ.\t\t\t<\/label>\n\t\t\t<input  id=\"field_eg2j7\" type=\"text\" class=\"frm_form_field form-field frm_verify\" name=\"item_meta[46]\" value=\"\"  \/>\n\t\t<\/div>\n\t\t<input name=\"frm_state\" type=\"hidden\" value=\"bm4nkXRSy7TCBUYoP0xNId7LtE+ZiK7EikCxIxkjIYA=\" \/><\/div>\n<\/fieldset>\n<\/div>\n\n<\/form>\n<\/div>\n","protected":false},"excerpt":{"rendered":"<p>Vous souhaitez \u00eatre b\u00e9n\u00e9vole pour l&rsquo;\u00e9dition des Guinguettes de l&rsquo;Yvette 2025 et rejoindre notre merveilleuse \u00e9quipe afin de mettre en place le festival ? Vous \u00eates au bon endroit ! On recherche et vous recherchez aussi ! De quoi faire une dynamique d&rsquo;enfer ! Comment s&rsquo;inscrire ? Vous n&rsquo;avez qu&rsquo;\u00e0 remplir le formulaire ci-joint par&hellip; <br \/> <a class=\"read-more\" href=\"https:\/\/guinguettesyvette.org\/?page_id=1082\">Lire la suite<\/a><\/p>\n","protected":false},"author":1,"featured_media":739,"parent":0,"menu_order":0,"comment_status":"closed","ping_status":"closed","template":"","meta":{"_themeisle_gutenberg_block_has_review":false,"footnotes":""},"class_list":["post-1082","page","type-page","status-publish","has-post-thumbnail","hentry"],"_links":{"self":[{"href":"https:\/\/guinguettesyvette.org\/index.php?rest_route=\/wp\/v2\/pages\/1082","targetHints":{"allow":["GET"]}}],"collection":[{"href":"https:\/\/guinguettesyvette.org\/index.php?rest_route=\/wp\/v2\/pages"}],"about":[{"href":"https:\/\/guinguettesyvette.org\/index.php?rest_route=\/wp\/v2\/types\/page"}],"author":[{"embeddable":true,"href":"https:\/\/guinguettesyvette.org\/index.php?rest_route=\/wp\/v2\/users\/1"}],"replies":[{"embeddable":true,"href":"https:\/\/guinguettesyvette.org\/index.php?rest_route=%2Fwp%2Fv2%2Fcomments&post=1082"}],"version-history":[{"count":5,"href":"https:\/\/guinguettesyvette.org\/index.php?rest_route=\/wp\/v2\/pages\/1082\/revisions"}],"predecessor-version":[{"id":1880,"href":"https:\/\/guinguettesyvette.org\/index.php?rest_route=\/wp\/v2\/pages\/1082\/revisions\/1880"}],"wp:featuredmedia":[{"embeddable":true,"href":"https:\/\/guinguettesyvette.org\/index.php?rest_route=\/wp\/v2\/media\/739"}],"wp:attachment":[{"href":"https:\/\/guinguettesyvette.org\/index.php?rest_route=%2Fwp%2Fv2%2Fmedia&parent=1082"}],"curies":[{"name":"wp","href":"https:\/\/api.w.org\/{rel}","templated":true}]}}