{"id":1,"date":"2023-12-21T18:57:08","date_gmt":"2023-12-21T17:57:08","guid":{"rendered":"https:\/\/guinguettesyvette.org\/?p=1"},"modified":"2026-04-27T11:53:45","modified_gmt":"2026-04-27T09:53:45","slug":"bonjour-tout-le-monde","status":"publish","type":"page","link":"https:\/\/guinguettesyvette.org\/?page_id=1","title":{"rendered":"Les Guinguettes de l&rsquo;Yvette"},"content":{"rendered":"<p><span style=\"font-family: Century, serif; color: #3d3b3b;\"><span style=\"font-size: medium;\"> Le Festival des Guinguettes de l\u2019Yvette, rendez-vous incontournable annon\u00e7ant la saison estivale en Essonne, est aussi l\u2019un des premiers festivals des arts de la rue en \u00cele-de-France.<br \/><\/span><\/span><\/p>\n<p><span style=\"font-family: Century, serif; color: #3d3b3b;\"><span style=\"font-size: medium;\">N\u00e9 en 1996 dans un \u00e9crin de verdure entre Palaiseau et Villebon-sur-Yvette, il se d\u00e9ploie le long des berges de l\u2019Yvette, les m\u00e9tamorphosant en sc\u00e8ne \u00e0 ciel ouvert.<br \/><\/span><\/span><\/p>\n<p><span style=\"font-family: Century, serif; color: #3d3b3b;\"><span style=\"font-size: medium;\">Port\u00e9 par les MJC des deux villes et par plus de 200 b\u00e9n\u00e9voles, il rassemble chaque ann\u00e9e 8 000 spectateurs autour d\u2019une vingtaine d\u2019animations et spectacles originaux. Depuis sa cr\u00e9ation, 515 compagnies ont embarqu\u00e9 le public dans leur univers pour un moment festif et familial.<br \/><\/span><\/span><\/p>\n<p><span style=\"font-family: Century, serif; color: #3d3b3b;\"><span style=\"font-size: medium;\">Au programme de l&rsquo;\u00e9dition 2025, nous avons choisi de c\u00e9l\u00e9brer les femmes et les f\u00e9minit\u00e9s, tout en questionnant l\u2019\u00e9galit\u00e9 des genres dans le monde du spectacle, car bien entendu, les hommes y sont pr\u00e9sents.<\/span><\/span><\/p>\n\n\n<div class=\"wp-block-buttons is-layout-flex wp-block-buttons-is-layout-flex\">\n<div class=\"wp-block-button has-custom-width wp-block-button__width-100\"><a class=\"wp-block-button__link wp-element-button\" href=\"https:\/\/guinguettesyvette.org\/?page_id=1246\">Voir le programme<\/a><\/div>\n<\/div>\n","protected":false},"excerpt":{"rendered":"<p>Le Festival des Guinguettes de l\u2019Yvette, rendez-vous incontournable annon\u00e7ant la saison estivale en Essonne, est aussi l\u2019un des premiers festivals des arts de la rue en \u00cele-de-France. N\u00e9 en 1996 dans un \u00e9crin de verdure entre Palaiseau et Villebon-sur-Yvette, il se d\u00e9ploie le long des berges de l\u2019Yvette, les m\u00e9tamorphosant en sc\u00e8ne \u00e0 ciel ouvert.&hellip; <br \/> <a class=\"read-more\" href=\"https:\/\/guinguettesyvette.org\/?page_id=1\">Lire la suite<\/a><\/p>\n","protected":false},"author":1,"featured_media":1135,"parent":0,"menu_order":0,"comment_status":"closed","ping_status":"closed","template":"","meta":{"_themeisle_gutenberg_block_has_review":false,"footnotes":""},"class_list":["post-1","page","type-page","status-publish","has-post-thumbnail","hentry"],"_links":{"self":[{"href":"https:\/\/guinguettesyvette.org\/index.php?rest_route=\/wp\/v2\/pages\/1","targetHints":{"allow":["GET"]}}],"collection":[{"href":"https:\/\/guinguettesyvette.org\/index.php?rest_route=\/wp\/v2\/pages"}],"about":[{"href":"https:\/\/guinguettesyvette.org\/index.php?rest_route=\/wp\/v2\/types\/page"}],"author":[{"embeddable":true,"href":"https:\/\/guinguettesyvette.org\/index.php?rest_route=\/wp\/v2\/users\/1"}],"replies":[{"embeddable":true,"href":"https:\/\/guinguettesyvette.org\/index.php?rest_route=%2Fwp%2Fv2%2Fcomments&post=1"}],"version-history":[{"count":20,"href":"https:\/\/guinguettesyvette.org\/index.php?rest_route=\/wp\/v2\/pages\/1\/revisions"}],"predecessor-version":[{"id":1480,"href":"https:\/\/guinguettesyvette.org\/index.php?rest_route=\/wp\/v2\/pages\/1\/revisions\/1480"}],"wp:featuredmedia":[{"embeddable":true,"href":"https:\/\/guinguettesyvette.org\/index.php?rest_route=\/wp\/v2\/media\/1135"}],"wp:attachment":[{"href":"https:\/\/guinguettesyvette.org\/index.php?rest_route=%2Fwp%2Fv2%2Fmedia&parent=1"}],"curies":[{"name":"wp","href":"https:\/\/api.w.org\/{rel}","templated":true}]}}

<p><span style="font-family: Century, serif; color: #3d3b3b;"><span style="font-size: medium;"> Le Festival des Guinguettes de l’Yvette, rendez-vous incontournable annonçant la saison estivale en Essonne, est aussi l’un des premiers festivals des arts de la rue en Île-de-France.<br /></span></span></p>
<p><span style="font-family: Century, serif; color: #3d3b3b;"><span style="font-size: medium;">Né en 1996 dans un écrin de verdure entre Palaiseau et Villebon-sur-Yvette, il se déploie le long des berges de l’Yvette, les métamorphosant en scène à ciel ouvert.<br /></span></span></p>
<p><span style="font-family: Century, serif; color: #3d3b3b;"><span style="font-size: medium;">Porté par les MJC des deux villes et par plus de 200 bénévoles, il rassemble chaque année 8 000 spectateurs autour d’une vingtaine d’animations et spectacles originaux. Depuis sa création, 515 compagnies ont embarqué le public dans leur univers pour un moment festif et familial.<br /></span></span></p>
<p><span style="font-family: Century, serif; color: #3d3b3b;"><span style="font-size: medium;">Au programme de l&rsquo;édition 2025, nous avons choisi de célébrer les femmes et les féminités, tout en questionnant l’égalité des genres dans le monde du spectacle, car bien entendu, les hommes y sont présents.</span></span></p>


<div class="wp-block-buttons is-layout-flex wp-block-buttons-is-layout-flex">
<div class="wp-block-button has-custom-width wp-block-button__width-100"><a class="wp-block-button__link wp-element-button" href="https://guinguettesyvette.org/?page_id=1246">Voir le programme</a></div>
</div>

<p>Le Festival des Guinguettes de l’Yvette, rendez-vous incontournable annonçant la saison estivale en Essonne, est aussi l’un des premiers festivals des arts de la rue en Île-de-France. Né en 1996 dans un écrin de verdure entre Palaiseau et Villebon-sur-Yvette, il se déploie le long des berges de l’Yvette, les métamorphosant en scène à ciel ouvert.&hellip; <br /> <a class="read-more" href="https://guinguettesyvette.org/?page_id=1">Lire la suite</a></p>
